Calculate the highest common factor of 3940 and 5.
5
Calculate the greatest common divisor of 623 and 7.
7
What is the highest common factor of 40 and 30040?
40
Calculate the highest common factor of 188 and 1175.
47
What is the highest common divisor of 17 and 5899?
17
What is the greatest common factor of 91 and 58331?
91
What is the highest common divisor of 165 and 240?
15
What is the greatest common divisor of 130 and 110?
10
Calculate the highest common divisor of 1989 and 78.
39
Calculate the greatest common divisor of 41 and 34481.
41
Calculate the greatest common factor of 161 and 7544.
23
Calculate the greatest common factor of 93 and 30.
3
What is the highest common factor of 58 and 464?
58
Calculate the greatest common divisor of 3 and 1.
1
Calculate the greatest common divisor of 3179 and 11.
11
Calculate the highest common divisor of 38 and 8.
2
Calculate the highest common factor of 115 and 92.
23
Calculate the greatest common factor of 4 and 4756.
4
Calculate the highest common divisor of 2136 and 104.
8
Calculate the highest common factor of 82 and 1640.
82
What is the greatest common factor of 285 and 114?
57
Calculate the highest common factor of 5 and 320.
5
Calculate the greatest common divisor of 80 and 25.
5
What is the highest common factor of 2944 and 92?
92
Calculate the greatest common divisor of 3888 and 90.
18
What is the highest common factor of 2502 and 234?
18
What is the greatest common factor of 507 and 546?
39
What is the greatest common factor of 49 and 784?
49
What is the greatest common factor of 2 and 9034?
2
What is the highest common divisor of 54 and 90?
18
Calculate the highest common divisor of 532 and 448.
28
What is the highest common factor of 78 and 1248?
78
What is the greatest common factor of 237 and 79?
79
Calculate the highest common factor of 1218 and 116.
58
Calculate the highest common divisor of 24 and 27012.
12
Calculate the highest common factor of 112 and 21616.
112
What is the greatest common divisor of 1100 and 1870?
110
Calculate the highest common factor of 108 and 756.
108
Calculate the highest common divisor of 168 and 189.
21
What is the greatest common factor of 247 and 28158?
247
Calculate the highest common factor of 1032 and 129.
129
Calculate the greatest common divisor of 360 and 216.
72
What is the highest common factor of 289 and 34?
17
Calculate the greatest common factor of 7 and 189.
7
What is the greatest common divisor of 560 and 760?
40
Calculate the greatest common divisor of 162 and 1539.
81
Calculate the highest common factor of 154 and 196.
14
What is the greatest common divisor of 48 and 180?
12
Calculate the greatest common factor of 84 and 294.
42
Calculate the highest common divisor of 287 and 205.
41
What is the highest common divisor of 3 and 363?
3
Calculate the highest common factor of 157 and 7693.
157
What is the highest common factor of 468 and 192?
12
Calculate the highest common divisor of 50 and 400.
50
Calculate the greatest common factor of 672 and 192.
96
What is the highest common divisor of 34 and 493?
17
Calculate the greatest common factor of 402 and 469.
67
What is the highest common divisor of 20 and 1780?
20
Calculate the highest common divisor of 1287 and 33.
33
Calculate the highest common divisor of 238 and 1498.
14
What is the highest common divisor of 162 and 126?
18
What is the greatest common factor of 6246 and 18?
18
Calculate the highest common factor of 174 and 406.
58
What is the highest common divisor of 340 and 80?
20
What is the greatest common divisor of 39 and 169?
13
Calculate the greatest common divisor of 25 and 35.
5
What is the highest common divisor of 306 and 1071?
153
Calculate the greatest common divisor of 216 and 297.
27
Calculate the highest common factor of 21 and 21.
21
What is the highest common divisor of 74790 and 27?
27
What is the greatest common divisor of 978 and 6194?
326
Calculate the greatest common factor of 15 and 20.
5
Calculate the highest common factor of 9702 and 132.
66
Calculate the highest common factor of 2792 and 16.
8
Calculate the highest common factor of 20 and 690.
10
Calculate the greatest common divisor of 57 and 133.
19
What is the highest common divisor of 460 and 1000?
20
Calculate the highest common factor of 256 and 688.
16
Calculate the highest common factor of 151 and 8909.
151
Calculate the highest common factor of 432 and 32.
16
Calculate the greatest common divisor of 385 and 315.
35
What is the greatest common factor of 44 and 11?
11
Calculate the greatest common factor of 1431 and 424.
53
Calculate the highest common divisor of 7839 and 804.
201
Calculate the greatest common divisor of 196 and 4.
4
What is the greatest common factor of 1100 and 500?
100
What is the greatest common factor of 444 and 60?
12
Calculate the highest common factor of 93 and 155.
31
Calculate the greatest common factor of 300 and 8775.
75
Calculate the highest common divisor of 150 and 12450.
150
What is the highest common divisor of 891 and 144?
9
Calculate the greatest common divisor of 4719 and 26.
13
Calculate the highest common factor of 82 and 5330.
82
Calculate the highest common divisor of 56 and 436.
4
What is the greatest common factor of 40 and 510?
10
What is the highest common factor of 15 and 223?
1
What is the greatest common factor of 21 and 42?
21
Calculate the highest common divisor of 1881 and 2277.
99
Calculate the greatest common factor of 198 and 1419.
33
What is the greatest common divisor of 184 and 248?
8
Calculate the greatest common factor of 11310 and 312.
78
Calculate the greatest common divisor of 112 and 126.
14
Calculate the greatest common divisor of 288 and 256.
32
Calculate the greatest common factor of 18 and 10206.
18
Calculate the highest common divisor of 4780 and 60.
20
Calculate the greatest common divisor of 60 and 49620.
60
What is the highest common divisor of 16 and 34?
2
What is the highest common factor of 1175 and 282?
47
What is the highest common divisor of 42 and 14?
14
Calculate the greatest common factor of 1342 and 122.
122
Calculate the greatest common divisor of 70 and 810.
10
What is the highest common factor of 70 and 3380?
10
Calculate the highest common divisor of 2743 and 13.
13
What is the highest common divisor of 1090 and 10?
10
Calculate the highest common factor of 275 and 225.
25
What is the greatest common factor of 20260 and 100?
20
Calculate the highest common factor of 176 and 16.
16
Calculate the highest common factor of 11888 and 16.
16
Calculate the greatest common divisor of 162 and 5103.
81
What is the greatest common divisor of 360 and 4335?
15
What is the highest common factor of 1552 and 16?
16
What is the highest common factor of 55 and 20?
5
Calculate the highest common factor of 72 and 60.
12
What is the highest common divisor of 13 and 1?
1
Calculate the greatest common divisor of 13 and 2171.
13
What is the highest common divisor of 1339 and 13?
13
Calculate the greatest common factor of 2321 and 176.
11
What is the greatest common divisor of 632 and 8?
8
What is the greatest common divisor of 1254 and 1425?
57
Calculate the greatest common divisor of 16 and 162.
2
Calculate the greatest common divisor of 84 and 1932.
84
Calculate the greatest common divisor of 44 and 803.
11
Calculate the greatest common divisor of 81 and 405.
81
Calculate the greatest common factor of 69 and 108.
3
Calculate the highest common divisor of 4165 and 170.
85
Calculate the highest common factor of 5000 and 40.
40
What is the highest common divisor of 693 and 594?
99
Calculate the greatest common divisor of 5580 and 62.
62
Calculate the highest common divisor of 1691 and 356.
89
What is the highest common factor of 24 and 536?
8
What is the highest common divisor of 495 and 2871?
99
Calculate the greatest common factor of 26 and 832.
26
What is the greatest common divisor of 1088 and 68?
68
Calculate the greatest common factor of 2367 and 9.
9
What is the highest common factor of 40 and 7825?
5
What is the greatest common divisor of 16160 and 1120?
160
Calculate the greatest common factor of 168 and 196.
28
Calculate the highest common divisor of 212 and 1802.
106
Calculate the highest common divisor of 1320 and 1122.
66
What 